atest common divisor of 114 and h.
114
Let u = -10263 - -10314. What is the highest common divisor of 2465 and u?
17
Let i = -5619 - -5683. What is the greatest common factor of i and 4288?
64
Let c = -14380 + 20866. What is the highest common factor of c and 138?
138
Let c(s) = 275*s + 309. Let j be c(-1). Calculate the greatest common divisor of j and 1343.
17
Suppose 2*b = b + 132. Let d be (-5 + 4 - 32)/(8/(-40)*1). What is the greatest common divisor of d and b?
33
Suppose 0 = -33*g + 273752 - 134255 + 158097. What is the greatest common divisor of 54 and g?
54
Let d be 1 + 1/((-14)/18) - 394959771/(-37863). What is the greatest common factor of d and 1026?
171
Let b(y) = -22*y**2 - 5*y + 68. Let n be b(0). What is the highest common factor of n and 153?
17
Let z(p) = 3*p + 7*p**2 - 42 - p**3 + 5*p + 28. Let b be z(7). Let s be (-7)/49 + 884/14. What is the highest common divisor of s and b?
21
Let w(j) = 2*j - 8. Let q be w(9). Suppose x = -135 - 66. Let l = -171 - x. Calculate the greatest common factor of l and q.
10
Let a be (10/7)/(46/161). Suppose -2*z + a = -145. Calculate the greatest common divisor of z and 15.
15
Suppose -3*q + 1 = -2, -5*w + 3*q - 3 = 0. Suppose 8 = 2*g - w. Let c be (66/15 - g) + 163/5. Calculate the greatest common factor of c and 3.
3
Suppose -9*f = -22848 - 1641. Suppose -f = -26*k + 1543. What is the highest common divisor of 123 and k?
41
Suppose -5*d + 3*s + 13380 = 0, 34*s - 5341 = -2*d + 33*s. What is the greatest common factor of 693 and d?
99
Let r(j) = -492*j + 617. Let u be r(-5). Calculate the highest common factor of 187 and u.
17
Suppose -11*b + b + 1740 = 0. Let a = -168 + b. What is the greatest common divisor of 10 and a?
2
Suppose 65*w = 53*w + 5160. Suppose 0 = 44*t - 39*t - w. What is the highest common factor of 215 and t?
43
Let v be (-10)/(-5) - (1 - -7). Suppose -50 = -24*n + 19*n. Let p = n + v. Calculate the highest common factor of p and 4.
4
Let s = 45752 - 35118. Calculate the greatest common factor of 130 and s.
26
Let s = -3211 + 3220. Calculate the greatest common factor of 1665 and s.
9
Let n be 4 - (-2)/(((-3)/(-2832))/1). What is the highest common factor of n and 88?
44
Let y(i) = -2*i + 22. Let a be y(-7). Suppose 1024 = 3*s - j, 0 = -5*s + 5*j + 1758 - 58. What is the highest common divisor of s and a?
18
Suppose -2*m + 6*d = d - 2494, -3*m = -d - 3741. What is the highest common factor of m and 783?
29
Let d be 5 + 0 - 2004/4. Let b = -316 - d. What is the greatest common divisor of b and 72?
36
Let d be (-5 - -9) + -1 - 20*-1. Suppose -d*p = -5*m - 18*p + 475, 2*p = m - 95. What is the highest common factor of m and 10?
5
Suppose -69*j + 190612 - 12385 = 0. What is the greatest common factor of j and 82?
41
Suppose -15*p - 622 = 42*p - 1876. What is the greatest common factor of 3894 and p?
22
Suppose -164 = 2*d - 608. Suppose 405 = 2*f - j, -168 = -2*f - 2*j + d. What is the highest common factor of 20 and f?
20
Suppose -5*z = -5*k - 16 + 336, -2*k = 2*z - 112. Calculate the greatest common factor of 2985 and k.
15
Suppose -6*c = -389 - 379. Let w = -163 + 179. Calculate the highest common divisor of c and w.
16
Suppose -96*n = -86*n - 136620. What is the highest common factor of 46 and n?
46
Let k be (-16653)/(-84) - (-1)/(-4). What is the highest common factor of 42 and k?
6
Suppose y + 5*d = 924, 0 = y + d - 4*d - 924. Suppose -7*c + 29*c - y = 0. What is the greatest common factor of 84 and c?
42
Let p(i) = i**3 - 6*i**2 + i + 4. Let y be p(2). Let g(j) = j**2 + 9*j - 6. Let b be g(y). What is the greatest common factor of b and 92?
4
Suppose 714 = k - 0*j - 3*j, 5*k + 5*j = 3690. What is the greatest common factor of k and 1281?
183
Suppose 2*c - 28*j = -29*j + 31, 4*c = 3*j + 97. Calculate the greatest common divisor of c and 17461.
19
Let m = 474 - -85. Suppose 0 = 117*c - 2399 + 878. What is the highest common factor of m and c?
13
Let c be (((-225)/4)/9)/(2/(-16)). Let g = -2745 - -3495. Calculate the greatest common factor of g and c.
50
Let t(f) = 216*f - 1026. Let g be t(5). What is the greatest common divisor of 234 and g?
18
Let h be (-70 + 30562/444)/(1/(-6)). Let m = 11 + -4. Calculate the greatest common divisor of m and h.
7
Suppose -a + 56*s + 642 = 53*s, -6*a = s - 4118. Let t be -1 - 1*(-38 + 1). Calculate the highest common divisor of t and a.
36
Let w be (15/(-4))/((-51)/1700). Suppose 24*x = 19*x + w. Let a be ((-6)/3 - -4 - 2) + x. What is the greatest common divisor of 5 and a?
5
Suppose 26*k - 30*k = -4*q, 0 = k + 2*q - 3. Calculate the highest common divisor of k and 107.
1
Let w(c) = 3*c**2 + 64*c - 31. Let b be w(-23). Suppose -k - q + 247 = k, 3*q = -15. What is the greatest common factor of k and b?
42
Let a be (-115)/(-138)*342/3. What is the highest common factor of 171 and a?
19
Let t(w) = 14*w**3 + w**2 - 1. Let p = -29 + 36. Suppose -4 = 3*j - p. Let o be t(j). What is the highest common factor of o and 56?
14
Suppose 3*q - 22 = -4*w, -3*w = -3*q - 2*w + 17. Suppose -7*b = q - 41. Suppose -3*z = -1 - b. What is the highest common factor of z and 5?
1
Let c = 18833 - 18793. Suppose -4*f + 7 = 3*m, 0*m - 2 = 2*m + f. Let h be -420*2/9*m. What is the highest common divisor of h and c?
40
Suppose -168*s + 4875 = -283*s + 140*s. Calculate the highest common factor of 1716 and s.
39
Let a be (0 - (-16)/5)*425/10. Let l = 154 - a. What is the highest common factor of 234 and l?
18
Suppose 2*x + 4*j = 1430, 4*x + 2*j - 4*j = 2850. Let k be x/5 - (-4 - (-126)/35). Let m be ((-11)/2)/(2/(-4)). Calculate the highest common factor of m and k.
11
Let q be 4 - ((-2)/3)/((-24)/(-180)). Suppose -q*x = -11*x + 90. Calculate the highest common factor of 30 and x.
15
Let h(u) = -75*u + 30. Let p(x) = 37*x - 14. Let i(a) = -3*h(a) - 7*p(a). Let o be i(-8). Calculate the greatest common divisor of 10 and o.
10
Let p be (-35)/(129/12 + -11). Calculate the greatest common factor of p and 8540.
140
Let z(d) = -7*d - 47. Let h be z(-8). Let y be (3/2)/(h/12). Suppose -a + 5*j = 1, -5*a + y*j - j = -43. What is the highest common factor of a and 12?
3
Let t be 1*((0 - -2) + -12). Let o be -1 - t*1/2. Suppose -2*w - 326 = -o*r, 0*w + 3*w + 321 = 4*r. What is the greatest common divisor of 12 and r?
12
Suppose -78*o + 82*o - 324 = 0. Calculate the highest common factor of 72 and o.
9
Suppose -11*d = -5*d + 42. Let o = -9 - d. Let b be (12/(-18))/((8/210)/o). What is the greatest common divisor of b and 14?
7
Suppose -43 + 135 = -2*p. Let a = p - -94. Let o = -138 - -162. What is the highest common factor of o and a?
24
Suppose 4*n + 2*w = 214, -4*n - 80 = -2*w - 314. Suppose -3*q - 230 = 5*u + 2*q, 4*q = u + 41. Let h = u + 59. Calculate the highest common divisor of n and h.
14
Suppose -3*o + 93 = 3*x - 75, 5*x = -4*o + 227. Suppose -34*r + 253 - 803 = 1218. Let w = r + o. Calculate the greatest common divisor of w and 2.
1
Let a(l) = -3416*l + 17117. Let n be a(5). Suppose -2*x + 1998 = -g, 0 = -5*x + 4*g - g + 4995. What is the greatest common divisor of n and x?
37
Let p(t) = -151*t - 1. Let w be p(-1). Let h(o) = -14 - 9*o + 6 - 7. Let u be h(-5). Calculate the highest common divisor of w and u.
30
Let r be ((-224)/(-24))/(12/18) + 6/(-1). Calculate the greatest common factor of r and 7816.
8
Let k be 8736/(-36)*(0 + (-9)/(-6)). Let p = 559 + k. What is the greatest common factor of p and 15?
15
Let l(p) = p**3 - 45*p**2 - 36*p - 192. Let z be l(46). Calculate the highest common factor of 1809 and z.
67
Suppose 58 = -2*h - 5*q - 18, -5*h = 4*q + 190. Let y = 63 + h. Suppose 10 = -27*j + 25*j, 4*r = -2*j + 10. Calculate the greatest common factor of r and y.
5
Suppose -3*m = -0*m - 15. Let a be ((32/10)/(-4))/((-2)/15). Let b(g) = g**2 + g + 3. Let s be b(a). What is the greatest common factor of s and m?
5
Let q(r) be the second derivative of 5*r**3 + 94*r**2 - 3*r + 5. Let g be q(-6). Calculate the highest common factor of g and 8.
8
Suppose -6*i - 213 = -363. Suppose 0 = -4*z + 16, -3*z + z = -3*m + 100. Suppose -i*w + 19*w + m = 0. What is the highest common factor of w and 3?
3
Suppose 196 + 284 = 5*p. Suppose 0 = -97*z + p*z + 108. What is the greatest common divisor of 60 and z?
12
Suppose -5*k = -65 - 55. Suppose 60 - 168 = -6*o. Let w be (o/(